- 1065 + 183 = 0. Give g(p).
14
Let p(t) = t**2 - 9*t + 14. Let i = 2273 + -2264. Determine p(i).
14
Let l(c) be the second derivative of -c**4/6 - 20*c**3/3 - 71*c**2 + 1235*c + 1. What is l(-16)?
-14
Let p(w) = -101 + 0*w**3 + 119 - w**2 + 6*w**2 - w**3 + 20*w - 86. What is p(6)?
16
Let a(j) = 5*j**2 - 3*j. Suppose -3*x = -3*k - 18, -3*k = x + x + 3. Let y = 207 - 199. Suppose y*u - 13 = x. Determine a(u).
14
Let b(f) be the second derivative of f**3/6 + f. Suppose 4*d + 38 = -n - 12, -3*n - 4*d - 54 = 0. What is b(n)?
-2
Let i = 258 - 255. Let n(j) = 614*j**3 - 1235*j**3 + 11*j + 5 + 620*j**i - 4*j**2 - 4*j. Let l = -12 + 7. Determine n(l).
-5
Let q(u) = u + 1. Let y(r) = 7*r + 8. Let f(h) = -5*q(h) + y(h). Let g(a) = a**2 + 379*a - 1529. Let t be g(4). What is f(t)?
9
Let a(o) = 2*o**2 + 5*o - 2. Let s(f) = -3 - 5*f**2 - 5*f + 4*f**2 + 7 - 2. Let r = 166 - 168. Let i(c) = r*a(c) - 3*s(c). What is i(4)?
2
Suppose 10*r = 6*r - 4*q + 84, -4*r - q + 69 = 0. Suppose 3*s - z = 4, s = -2*z - 2*z - r. Let c(g) = g - 6. Calculate c(s).
-6
Let y = 2 + -8. Let q(d) = -8*d - 51. Let u be q(-16). Let l(k) = -40 - 40 + u + k**2 + 4*k. Give l(y).
9
Let r(i) = 41*i + 128. Let x(g) = 31*g + 94. Let f(n) = -8*r(n) + 11*x(n). Determine f(-1).
-3
Let h(n) = -5*n + 54. Let f be h(10). Let j(m) = f + 0*m**2 + 3*m + 3*m + 0 - m**2. Calculate j(7).
-3
Let m(b) = 175*b - 2. Suppose 2*o - 28*z + 28 = -24*z, 4*z = -3*o + 28. Determine m(o).
-2
Let u(s) = -9*s**3 - 9*s**2 + 15*s - 2. Let c(p) = -19*p**3 - 21*p**2 + 35*p - 5. Let a(j) = -3*c(j) + 7*u(j). Determine a(-1).
7
Let w(g) be the third derivative of -g**5/60 + 7*g**4/24 + g**3 + 42592*g**2. Let a = -12 - -20. Determine w(a).
-2
Suppose -25*v - 34 = -34. Suppose 3*s - 3 = v, -22*n + 26*n - 2*s = 34. Let t(w) = w - 8. Determine t(n).
1
Let p(h) be the third derivative of -h**5/60 + 7*h**4/12 + 89*h**3/2 + 17*h**2 + 48. What is p(25)?
-8
Let t(r) = -20 - 60 + 36*r**2 - 15877*r + 15811*r - r**3. What is t(34)?
-12
Let d be (-92)/(-92)*(3 + -2). Let v(a) = -10*a**3 - a**2. Give v(d).
-11
Suppose 5*n - 20 = 0, 3*d = 2*n - 3*n - 2. Let j(w) be the third derivative of 1/60*w**5 + 0*w + 0 + 131*w**2 + 1/3*w**3 + 1/24*w**4. Determine j(d).
4
Suppose 0 = -785*y + 863*y. Let q(h) = h**2 + h - 4 - 13 - 2. Calculate q(y).
-19
Suppose 0 + 12 = 2*q. Suppose 9 - 45 = -q*g. Suppose g*c - 8 = 5*c. Let m(j) = -j - 4. Determine m(c).
-12
Let o(w) be the third derivative of 53*w**4/24 - 323*w**3/6 - 22*w**2 - 2*w - 23. Determine o(6).
-5
Let f(q) = q**3 + 2*q**2 - q - 1. Let o(p) = -p**3 + 7*p**2 + 7*p. Let b be o(8). Let s be 12/b - (-2)/4. What is f(s)?
1
Let g(m) = 3*m - 3*m - 5*m + 4*m - 13. Let w(a) = -a**3 - 2*a**2 + 14*a + 24. Let p be ((-352)/220)/((-2)/(-5)). Let h be w(p). Calculate g(h).
-13
Let p = 27 - 20. Suppose -4*w = -0*m - m - p, 0 = -2*w + 6. Let i(j) = -7*j - 1. Let t(n) = 3*n. Let g(z) = m*t(z) + 3*i(z). Calculate g(-2).
9
Let q(d) = 19*d**2 + 32*d + 15. Let z(a) = -60*a**2 - 98*a - 42. Let p(b) = 19*q(b) + 6*z(b). Give p(-18).
-3
Let t be 1*(2 - (6 - 8)). Let l(s) = t + 9*s + 0 + 0*s - 8*s. What is l(-5)?
-1
Let u(f) = -36 - 41 - 34*f - 23*f + 16*f**2 + 20 - 50. Let x(k) = -7*k**2 + 28*k + 53. Let d(y) = 4*u(y) + 9*x(y). Determine d(-22).
5
Let a(w) = -4*w - 3. Suppose 0 = 2*o - 5*z + 43, -4*o - 3*z - 19 - 2 = 0. What is a(o)?
33
Let a(p) = 47349*p**2 + 28 - 23673*p**2 + 13*p - 23673*p**2. Give a(-4).
24
Let x(r) = r**2 - r. Let m be ((-36)/144)/(2/8). Let q(b) = -b**2 - 10*b. Let i(k) = m*q(k) - 2*x(k). What is i(12)?
0
Let k(b) = -b**2 + 10*b + 96. Let a be k(18). Let n = a - -54. Let j(c) = c**3 - 4*c**2 - 13*c + 3. Determine j(n).
-3
Let p(t) = t**2 - 5*t - 17. Suppose 2*i + 18 = 2*d, -d + 3046 - 3033 = -3*i. Determine p(d).
-3
Let x(k) be the first derivative of 4/3*k**3 + 50 + 1/4*k**4 + 3/2*k**2 + 2*k. Calculate x(-2).
4
Let r = 90 - 85. Suppose -r*o - 450 = -14*o. Let q(i) = i**2 - 47 + 6*i - o + 90. Determine q(-6).
-7
Suppose 68*r = 67*r + 53. Let x = r - 48. Let i(s) = -3*s**2 + 2*s**2 - 13 + 6 + 6*s + 5. Give i(x).
3
Let z(i) = 49*i + 47*i - 130*i + 33*i - 8. Let l(x) = -5*x + 13. Let u(h) = 14*h - 39. Let k(y) = -8*l(y) - 3*u(y). Let b be k(10). What is z(b)?
-1
Let j(f) = -37*f**3 - 191*f**2 + f + 161. Let d be j(-5). Let m = 0 + 0. Let u(l) = -l**3 + m*l - 5 - l + 4 + 6*l**2. Determine u(d).
-7
Let p(t) be the second derivative of 11*t**4/3 - t**3/6 - t**2/2 - 1825*t. Let g be (-3)/(-2)*42/(-63). Calculate p(g).
44
Let l(n) be the second derivative of 0 - n + 5/12*n**4 - 1/20*n**5 - 3/2*n**2 - 2/3*n**3. What is l(4)?
-3
Suppose t = -24*p + 285, 2*t + 4*p - 48 + 6 = 0. Let m(k) = -6*k - 4. Let r(b) = -7*b - 3. Let i(h) = -4*m(h) + 3*r(h). What is i(t)?
-2
Suppose -2*d - 4 = a, 2*a + 3*a + 10 = 0. Let c(o) be the first derivative of 108 + 0*o - 3/2*o**2. Determine c(d).
3
Let h(t) = 2*t**2 - 10*t + 18. Let j be (-11)/((-55)/25) + (-6)/(-6). Give h(j).
30
Let u(y) = y**2 - 9*y - 8. Let f(k) = 2. Let s(c) = -4*c**2 + 67*c + 19. Let d be s(17). Let l(q) = d*f(q) + u(q). Give l(8).
-12
Suppose -d = -5*s - 703, 21*d - 16*d - 3425 = -5*s. Let o = -686 + d. Let x(g) = 2*g. Calculate x(o).
4
Suppose -5*k = 2*n - 3*n + 27, 0 = -2*k - 10. Suppose l + 2*d - 7 + 3 = 0, 3 = n*l + 3*d. Let j(x) = 1763*x + x**2 - 881*x + 3 - 876*x. Calculate j(l).
3
Let h(o) = o**3 - 4*o**2 + 2*o + 3. Let q = -98 - -105. Let s(i) = -2*i + 18. Let x be s(q). Give h(x).
11
Let y be (-20)/8*10952/(-740). Let j(l) = l**2 - 30*l - 264. Calculate j(y).
-5
Let u(y) be the second derivative of y**7/840 + y**6/180 - y**5/10 - 259*y**3/6 - y**2/2 - y - 103. Let r(s) be the second derivative of u(s). Determine r(-5).
-15
Let t be 4809/147 - (-2)/7. Let l(r) = -66 + 27 - 3*r + 4*r + t - 3*r. Determine l(-6).
6
Let w = 18433/2 + -9215. Let u(j) be the second derivative of -w*j**2 - j + 0 + 5/6*j**3 + 1/12*j**4. Give u(-4).
-7
Suppose -14 = 38*r - 128. Let x(l) = -45*l**3 - 2*l**2 - l - 52*l**r - 51*l**3 + 149*l**3. Give x(2).
-2
Let f(j) = 7*j + 1. Let q(p) = 136*p + 228. Let y(o) = 4*f(o) - q(o). Give y(-2).
-8
Let g(h) = -13 - 21 - 26 + 3*h + 68. What is g(3)?
17
Let f(s) = 10*s - 33. Let a be f(4). Let j(p) be the third derivative of -p**5/60 + p**4/4 + 23*p**2 + 7. Determine j(a).
-7
Suppose 0*l + 2*l = 4. Let x(j) = 2*j**3 - 3*j**2 + 2*j - 3. Let z be x(l). Let u(i) = 97535934*i**2 - i - 97535935*i**2 - 3 + 3*i. Calculate u(z).
-18
Suppose -z - 2*a - 2*a = -11, 3*a = 2*z. Let f(m) = 14 - 9 - z*m - 9 + 6*m. Calculate f(6).
14
Let o(b) = -3*b + 12. Let z(p) = p - 2. Let t(l) = -l**3 - 8*l**2 + 16*l + 64. Let d be t(-9). Let r(g) = d*o(g) + 4*z(g). Determine r(-7).
-3
Suppose -f = 3*l - 8, 0 = 3*f + 2*f + 5. Let u(c) = 2*c**2 + 9*c - 9. Let b be u(1). Let n(s) = 0*s**b - 18*s - 1 + 4*s**2 - s**3 + 36*s - 19*s. Give n(l).
5
Let h(j) be the third derivative of -j**4/6 + 47*j**3/6 - 24*j**2. Determine h(12).
-1
Let z(d) = 9*d**2 + 4*d - 24. Let s(h) = 17*h**2 + 5*h - 34. Let f(g) = -2*s(g) + 3*z(g). What is f(-3)?
-73
Suppose 17*q + 18*q = 3185. Suppose -q + 41 = 10*v. Let y(a) = -a**3 - 4*a**2 + 3*a + 7. Calculate y(v).
17
Let r(i) be the second derivative of -3*i**5/20 - i**4/3 + i**3/3 + i**2 - i - 445. What is r(3)?
-109
Let v(i) = 85*i + 254. Let q(o) = -83*o - 233. Let w(d) = 5*q(d) + 4*v(d). What is w(-2)?
1
Let z = -39 + 53. Let s = z + -12. Let p(q) = -9*q + 3. Let t(w) = 26*w - 10. Let h(i) = s*t(i) + 7*p(i). Give h(-1).
12
Let j(t) = t**2 - 2*t + 1. Suppose 4*s + 9 - 1 = x, -x - 8 = 4*s. What is j(s)?
9
Suppose -12*q - 106 + 119 = 121. Let g(c) = -7*c - c**3 + 5 + 1 - 10*c**2 + 0. Determine g(q).
-12
Let a(o) be the second derivative of 6*o**5/5 + o**4/12 + o**3/3 - o**2 + 300*o. Give a(1).
25
Let s be 144*(-1 - 8/(-4)). Let l = 147 - s. Let r(v) = 2*v**3 - 5*v**2 - v - 3. Calculate r(l).
3
Let g(m) = -13*m**3 - m**2 + 8*m + 5. Let h(z) = 3*z**3 - 2*z - 1. Let i(x) = 2*g(x) + 9*h(x). Let s = -145 + 205. Let b = s - 58. Give i(b).
-3
Let x(j) = -j**2 - 6*j + 3. Suppose 0 = -2*k + 4*z - 40 + 6, -29 = 5*k - 2*z. Give x(k).
12
Let z = 2 + -4. Suppose 26*m + 6 = 23*m. Let i be 1*z*(-5)/m. Let a(b) = -b**2 - 6*b + 3. What is a(i)?
8
Suppose -4*b = -2*l - 24, l - 12 = -3*b - 4. Suppose -b*d = -13 + 37. Let w(j) be the first derivati